{"id":3104,"date":"2020-01-21T09:03:07","date_gmt":"2020-01-21T09:03:07","guid":{"rendered":"http:\/\/sinasefesm.com\/?page_id=3104"},"modified":"2020-01-21T09:03:07","modified_gmt":"2020-01-21T09:03:07","slug":"historia","status":"publish","type":"page","link":"https:\/\/sinasefesm.com\/index.php\/historia\/","title":{"rendered":"Hist\u00f3ria"},"content":{"rendered":"\t\t<div data-elementor-type=\"wp-page\" data-elementor-id=\"3104\" class=\"elementor elementor-3104\">\n\t\t\t\t\t\t<section class=\"elementor-section elementor-top-section elementor-element elementor-element-256b6622 elementor-section-boxed elementor-section-height-default elementor-section-height-default\" data-id=\"256b6622\" data-element_type=\"section\">\n\t\t\t\t\t\t<div class=\"elementor-container elementor-column-gap-default\">\n\t\t\t\t\t<div class=\"elementor-column elementor-col-100 elementor-top-column elementor-element elementor-element-3673e5e\" data-id=\"3673e5e\" data-element_type=\"column\">\n\t\t\t<div class=\"elementor-widget-wrap elementor-element-populated\">\n\t\t\t\t\t\t<div class=\"elementor-element elementor-element-690e4a5 elementor-widget elementor-widget-image\" data-id=\"690e4a5\" data-element_type=\"widget\" data-widget_type=\"image.default\">\n\t\t\t\t<div class=\"elementor-widget-container\">\n\t\t\t\t\t\t\t\t\t\t\t\t\t\t\t<img fetchpriority=\"high\" decoding=\"async\" class=\"attachment-large size-large wp-image-3720 lazyload\" width=\"768\" height=\"230\" src=\"data:image\/svg+xml;base64,PHN2ZyB2aWV3Qm94PScwIDAgNzY4IDIzMCcgeG1sbnM9J2h0dHA6Ly93d3cudzMub3JnLzIwMDAvc3ZnJz48L3N2Zz4=\" alt srcset=\"https:\/\/sinasefesm.com\/wp-content\/uploads\/2021\/08\/logosinasefe-1024x307.png 1024w, https:\/\/sinasefesm.com\/wp-content\/uploads\/2021\/08\/logosinasefe-300x90.png 300w, https:\/\/sinasefesm.com\/wp-content\/uploads\/2021\/08\/logosinasefe-768x230.png 768w, https:\/\/sinasefesm.com\/wp-content\/uploads\/2021\/08\/logosinasefe-1536x461.png 1536w, https:\/\/sinasefesm.com\/wp-content\/uploads\/2021\/08\/logosinasefe-150x45.png 150w, https:\/\/sinasefesm.com\/wp-content\/uploads\/2021\/08\/logosinasefe-450x135.png 450w, https:\/\/sinasefesm.com\/wp-content\/uploads\/2021\/08\/logosinasefe-1200x360.png 1200w, https:\/\/sinasefesm.com\/wp-content\/uploads\/2021\/08\/logosinasefe.png 1743w\" sizes=\"(max-width: 768px) 100vw, 768px\" data-src=\"https:\/\/sinasefesm.com\/wp-content\/uploads\/2021\/08\/logosinasefe-1024x307.png\" \/>\t\t\t\t\t\t\t\t\t\t\t\t\t\t\t<\/div>\n\t\t\t\t<\/div>\n\t\t\t\t<div class=\"elementor-element elementor-element-10f08ff0 elementor-widget elementor-widget-text-editor\" data-id=\"10f08ff0\" data-element_type=\"widget\" data-widget_type=\"text-editor.default\">\n\t\t\t\t<div class=\"elementor-widget-container\">\n\t\t\t\t\t\t\t\t\t<p><span style=\"font-weight: 400;\">O Sindicato Nacional dos Servidores Federais da Educa\u00e7\u00e3o B\u00e1sica, Profissional e Tecnol\u00f3gica (SINASEFE) fundou sua se\u00e7\u00e3o sindical em Santa Maria no dia 6 de dezembro de 1990, ap\u00f3s a promulga\u00e7\u00e3o da Constitui\u00e7\u00e3o Federal de 1988, que permitiu a sindicaliza\u00e7\u00e3o dos servidores p\u00fablicos, a\u00e7\u00e3o que, at\u00e9 ent\u00e3o, estava proibida pela lei vigente. A se\u00e7\u00e3o foi uma das primeiras a serem criadas no pa\u00eds, devido \u00e0 participa\u00e7\u00e3o de servidores da cidade na comiss\u00e3o organizadora do Sinasefe Nacional, em Bras\u00edlia, no ano de 1988.<\/span><\/p><p><span style=\"font-weight: 400;\">De acordo com Milton Ferrari, atual coordenador geral do Sinasefe SM e um dos fundadores da se\u00e7\u00e3o sindical santa-mariense, o desejo de criar a se\u00e7\u00e3o era antigo, porque \u201c[&#8230;] as associa\u00e7\u00f5es da \u00e9poca tinham um car\u00e1ter muito limitado de representa\u00e7\u00e3o dos servidores, principalmente diante de quest\u00f5es jur\u00eddicas ou administrativas. Ent\u00e3o, quando a constitui\u00e7\u00e3o permitiu a cria\u00e7\u00e3o de sindicatos, houve aquela \u2018corrida\u2019 para constituir, imediatamente, as se\u00e7\u00f5es sindicais, ou sindicatos nacionais\u201d.<\/span><\/p><p><span style=\"font-weight: 400;\">Primordialmente, a se\u00e7\u00e3o sindical foi criada no Col\u00e9gio Polit\u00e9cnico da UFSM, conhecido, \u00e0 \u00e9poca, como Col\u00e9gio Agr\u00edcola, onde se estruturou, por meio de uma comiss\u00e3o provis\u00f3ria, o Regimento do sindicato e a primeira diretoria. No entanto, entre os anos 2000 e 2006, a dire\u00e7\u00e3o sindical foi alternada entre servidores p\u00fablicos de Frederico Westphalen e de Santa Maria, porque o sindicato foi estruturado, inicialmente, tamb\u00e9m por integrantes do Col\u00e9gio Agr\u00edcola de Frederico Westphalen.<\/span><\/p><p><span style=\"font-weight: 400;\">Contudo, Ad\u00e3o Damasceno, atual Secret\u00e1rio de Carreira e de Rela\u00e7\u00f5es de Trabalho do Sinasefe SM e tamb\u00e9m um dos fundadores da se\u00e7\u00e3o, relatou que, em 2005, conversou com filiados da UFSM sobre a inadequa\u00e7\u00e3o de a dire\u00e7\u00e3o sindical santa-mariense ser composta por representantes de outra cidade. Nesse sentido, \u201c[&#8230;] ap\u00f3s alguns contatos com companheiros de Frederico Westphalen, surgiu a op\u00e7\u00e3o de reorganizarmos a se\u00e7\u00e3o em Santa Maria, juntamente ao Col\u00e9gio Militar, com outros moldes de estrutura administrativa, mais adequados ao estatuto do Sinasefe, e com tr\u00eas coordenadores [&#8230;]\u201d relembra.<\/span><\/p><p><span style=\"font-weight: 400;\">A reestrutura\u00e7\u00e3o do sindicato foi estabelecida em 16 de outubro de 2006, quando um novo regimento foi criado, incluindo as seguintes institui\u00e7\u00f5es: CTISM, Col\u00e9gio Polit\u00e9cnico da UFSM e Col\u00e9gio Militar de Santa Maria.<\/span><\/p>\t\t\t\t\t\t\t\t<\/div>\n\t\t\t\t<\/div>\n\t\t\t\t\t<\/div>\n\t\t<\/div>\n\t\t\t\t\t<\/div>\n\t\t<\/section>\n\t\t\t\t<section class=\"elementor-section elementor-top-section elementor-element elementor-element-29b9d9f0 elementor-section-boxed elementor-section-height-default elementor-section-height-default\" data-id=\"29b9d9f0\" data-element_type=\"section\">\n\t\t\t\t\t\t<div class=\"elementor-container elementor-column-gap-default\">\n\t\t\t\t\t<div class=\"elementor-column elementor-col-100 elementor-top-column elementor-element elementor-element-4136d48f\" data-id=\"4136d48f\" data-element_type=\"column\">\n\t\t\t<div class=\"elementor-widget-wrap\">\n\t\t\t\t\t\t\t<\/div>\n\t\t<\/div>\n\t\t\t\t\t<\/div>\n\t\t<\/section>\n\t\t\t\t<section class=\"elementor-section elementor-top-section elementor-element elementor-element-663b855b elementor-section-boxed elementor-section-height-default elementor-section-height-default\" data-id=\"663b855b\" data-element_type=\"section\">\n\t\t\t\t\t\t<div class=\"elementor-container elementor-column-gap-default\">\n\t\t\t\t\t<div class=\"elementor-column elementor-col-100 elementor-top-column elementor-element elementor-element-7400731\" data-id=\"7400731\" data-element_type=\"column\">\n\t\t\t<div class=\"elementor-widget-wrap elementor-element-populated\">\n\t\t\t\t\t\t<div class=\"elementor-element elementor-element-531dafbf elementor-widget elementor-widget-text-editor\" data-id=\"531dafbf\" data-element_type=\"widget\" data-widget_type=\"text-editor.default\">\n\t\t\t\t<div class=\"elementor-widget-container\">\n\t\t\t\t\t\t\t\t\t<p>\u00a0<\/p><p><span style=\"font-weight: 400;\">O Sinasefe de Santa Maria defende os direitos e os interesses coletivos e individuais da categoria, seja no \u00e2mbito jur\u00eddico, administrativo, econ\u00f4mico ou pol\u00edtico. Para al\u00e9m disso, o sindicato \u00e9 respons\u00e1vel por organizar, representar e dirigir as lutas dos servidores federais em educa\u00e7\u00e3o, sempre em estreito di\u00e1logo com o Sinasefe Nacional e com outras entidades envolvidas na luta em defesa dos servi\u00e7os p\u00fablicos, da democracia e da igualdade social.\u00a0<\/span><\/p><p><span style=\"font-weight: 400;\">Ao(\u00e0) sindicalizado(a), nossa se\u00e7\u00e3o sindical oferece suporte, firmeza e acolhida. Acreditamos que, se nossos problemas s\u00e3o de ordem coletiva, j\u00e1 que sentidos pela ampla maioria da categoria, nossas solu\u00e7\u00f5es tamb\u00e9m s\u00e3o coletivas. Contra toda a ideologia neoliberal que apregoa sa\u00eddas individuais para problemas de ordem social, apostamos na organiza\u00e7\u00e3o, na forma\u00e7\u00e3o pol\u00edtica, na democracia, na autonomia e no enfrentamento incans\u00e1vel a todas as pol\u00edticas que penalizem o(a) servidor(a) EBTT, os servi\u00e7os p\u00fablicos e a classe trabalhadora brasileira.\u00a0 <\/span><\/p>\t\t\t\t\t\t\t\t<\/div>\n\t\t\t\t<\/div>\n\t\t\t\t\t<\/div>\n\t\t<\/div>\n\t\t\t\t\t<\/div>\n\t\t<\/section>\n\t\t\t\t<\/div>\n\t\t","protected":false},"excerpt":{"rendered":"<p>Sinasefe Santa Maria: mais de tr\u00eas d\u00e9cadas de luta em defesa da educa\u00e7\u00e3o e dos(as) servidores(as) O Sindicato Nacional dos Servidores Federais da Educa\u00e7\u00e3o B\u00e1sica, Profissional e Tecnol\u00f3gica (SINASEFE) fundou sua se\u00e7\u00e3o sindical em Santa Maria no dia 6 de dezembro de 1990, ap\u00f3s a promulga\u00e7\u00e3o da Constitui\u00e7\u00e3o Federal de 1988, que permitiu a sindicaliza\u00e7\u00e3o<\/p>\n","protected":false},"author":1,"featured_media":0,"parent":0,"menu_order":0,"comment_status":"closed","ping_status":"closed","template":"elementor_header_footer","meta":{"footnotes":""},"class_list":["post-3104","page","type-page","status-publish"],"_links":{"self":[{"href":"https:\/\/sinasefesm.com\/index.php\/wp-json\/wp\/v2\/pages\/3104","targetHints":{"allow":["GET"]}}],"collection":[{"href":"https:\/\/sinasefesm.com\/index.php\/wp-json\/wp\/v2\/pages"}],"about":[{"href":"https:\/\/sinasefesm.com\/index.php\/wp-json\/wp\/v2\/types\/page"}],"author":[{"embeddable":true,"href":"https:\/\/sinasefesm.com\/index.php\/wp-json\/wp\/v2\/users\/1"}],"replies":[{"embeddable":true,"href":"https:\/\/sinasefesm.com\/index.php\/wp-json\/wp\/v2\/comments?post=3104"}],"version-history":[{"count":0,"href":"https:\/\/sinasefesm.com\/index.php\/wp-json\/wp\/v2\/pages\/3104\/revisions"}],"wp:attachment":[{"href":"https:\/\/sinasefesm.com\/index.php\/wp-json\/wp\/v2\/media?parent=3104"}],"curies":[{"name":"wp","href":"https:\/\/api.w.org\/{rel}","templated":true}]}}

História

<div data-elementor-type="wp-page" data-elementor-id="3104" class="elementor elementor-3104">
						<section class="elementor-section elementor-top-section elementor-element elementor-element-256b6622 elementor-section-boxed elementor-section-height-default elementor-section-height-default" data-id="256b6622" data-element_type="section">
						<div class="elementor-container elementor-column-gap-default">
					<div class="elementor-column elementor-col-100 elementor-top-column elementor-element elementor-element-3673e5e" data-id="3673e5e" data-element_type="column">
			<div class="elementor-widget-wrap elementor-element-populated">
						<div class="elementor-element elementor-element-690e4a5 elementor-widget elementor-widget-image" data-id="690e4a5" data-element_type="widget" data-widget_type="image.default">
				<div class="elementor-widget-container">
															<img fetchpriority="high" decoding="async" class="attachment-large size-large wp-image-3720 lazyload" width="768" height="230" src="data:image/svg+xml;base64,PHN2ZyB2aWV3Qm94PScwIDAgNzY4IDIzMCcgeG1sbnM9J2h0dHA6Ly93d3cudzMub3JnLzIwMDAvc3ZnJz48L3N2Zz4=" alt srcset="https://sinasefesm.com/wp-content/uploads/2021/08/logosinasefe-1024x307.png 1024w, https://sinasefesm.com/wp-content/uploads/2021/08/logosinasefe-300x90.png 300w, https://sinasefesm.com/wp-content/uploads/2021/08/logosinasefe-768x230.png 768w, https://sinasefesm.com/wp-content/uploads/2021/08/logosinasefe-1536x461.png 1536w, https://sinasefesm.com/wp-content/uploads/2021/08/logosinasefe-150x45.png 150w, https://sinasefesm.com/wp-content/uploads/2021/08/logosinasefe-450x135.png 450w, https://sinasefesm.com/wp-content/uploads/2021/08/logosinasefe-1200x360.png 1200w, https://sinasefesm.com/wp-content/uploads/2021/08/logosinasefe.png 1743w" sizes="(max-width: 768px) 100vw, 768px" data-src="https://sinasefesm.com/wp-content/uploads/2021/08/logosinasefe-1024x307.png" />															</div>
				</div>
				<div class="elementor-element elementor-element-10f08ff0 elementor-widget elementor-widget-text-editor" data-id="10f08ff0" data-element_type="widget" data-widget_type="text-editor.default">
				<div class="elementor-widget-container">
									<p><span style="font-weight: 400;">O Sindicato Nacional dos Servidores Federais da Educação Básica, Profissional e Tecnológica (SINASEFE) fundou sua seção sindical em Santa Maria no dia 6 de dezembro de 1990, após a promulgação da Constituição Federal de 1988, que permitiu a sindicalização dos servidores públicos, ação que, até então, estava proibida pela lei vigente. A seção foi uma das primeiras a serem criadas no país, devido à participação de servidores da cidade na comissão organizadora do Sinasefe Nacional, em Brasília, no ano de 1988.</span></p><p><span style="font-weight: 400;">De acordo com Milton Ferrari, atual coordenador geral do Sinasefe SM e um dos fundadores da seção sindical santa-mariense, o desejo de criar a seção era antigo, porque “[&#8230;] as associações da época tinham um caráter muito limitado de representação dos servidores, principalmente diante de questões jurídicas ou administrativas. Então, quando a constituição permitiu a criação de sindicatos, houve aquela ‘corrida’ para constituir, imediatamente, as seções sindicais, ou sindicatos nacionais”.</span></p><p><span style="font-weight: 400;">Primordialmente, a seção sindical foi criada no Colégio Politécnico da UFSM, conhecido, à época, como Colégio Agrícola, onde se estruturou, por meio de uma comissão provisória, o Regimento do sindicato e a primeira diretoria. No entanto, entre os anos 2000 e 2006, a direção sindical foi alternada entre servidores públicos de Frederico Westphalen e de Santa Maria, porque o sindicato foi estruturado, inicialmente, também por integrantes do Colégio Agrícola de Frederico Westphalen.</span></p><p><span style="font-weight: 400;">Contudo, Adão Damasceno, atual Secretário de Carreira e de Relações de Trabalho do Sinasefe SM e também um dos fundadores da seção, relatou que, em 2005, conversou com filiados da UFSM sobre a inadequação de a direção sindical santa-mariense ser composta por representantes de outra cidade. Nesse sentido, “[&#8230;] após alguns contatos com companheiros de Frederico Westphalen, surgiu a opção de reorganizarmos a seção em Santa Maria, juntamente ao Colégio Militar, com outros moldes de estrutura administrativa, mais adequados ao estatuto do Sinasefe, e com três coordenadores [&#8230;]” relembra.</span></p><p><span style="font-weight: 400;">A reestruturação do sindicato foi estabelecida em 16 de outubro de 2006, quando um novo regimento foi criado, incluindo as seguintes instituições: CTISM, Colégio Politécnico da UFSM e Colégio Militar de Santa Maria.</span></p>								</div>
				</div>
					</div>
		</div>
					</div>
		</section>
				<section class="elementor-section elementor-top-section elementor-element elementor-element-29b9d9f0 elementor-section-boxed elementor-section-height-default elementor-section-height-default" data-id="29b9d9f0" data-element_type="section">
						<div class="elementor-container elementor-column-gap-default">
					<div class="elementor-column elementor-col-100 elementor-top-column elementor-element elementor-element-4136d48f" data-id="4136d48f" data-element_type="column">
			<div class="elementor-widget-wrap">
							</div>
		</div>
					</div>
		</section>
				<section class="elementor-section elementor-top-section elementor-element elementor-element-663b855b elementor-section-boxed elementor-section-height-default elementor-section-height-default" data-id="663b855b" data-element_type="section">
						<div class="elementor-container elementor-column-gap-default">
					<div class="elementor-column elementor-col-100 elementor-top-column elementor-element elementor-element-7400731" data-id="7400731" data-element_type="column">
			<div class="elementor-widget-wrap elementor-element-populated">
						<div class="elementor-element elementor-element-531dafbf elementor-widget elementor-widget-text-editor" data-id="531dafbf" data-element_type="widget" data-widget_type="text-editor.default">
				<div class="elementor-widget-container">
									<p> </p><p><span style="font-weight: 400;">O Sinasefe de Santa Maria defende os direitos e os interesses coletivos e individuais da categoria, seja no âmbito jurídico, administrativo, econômico ou político. Para além disso, o sindicato é responsável por organizar, representar e dirigir as lutas dos servidores federais em educação, sempre em estreito diálogo com o Sinasefe Nacional e com outras entidades envolvidas na luta em defesa dos serviços públicos, da democracia e da igualdade social. </span></p><p><span style="font-weight: 400;">Ao(à) sindicalizado(a), nossa seção sindical oferece suporte, firmeza e acolhida. Acreditamos que, se nossos problemas são de ordem coletiva, já que sentidos pela ampla maioria da categoria, nossas soluções também são coletivas. Contra toda a ideologia neoliberal que apregoa saídas individuais para problemas de ordem social, apostamos na organização, na formação política, na democracia, na autonomia e no enfrentamento incansável a todas as políticas que penalizem o(a) servidor(a) EBTT, os serviços públicos e a classe trabalhadora brasileira.  </span></p>								</div>
				</div>
					</div>
		</div>
					</div>
		</section>
				</div>

<p>Sinasefe Santa Maria: mais de três décadas de luta em defesa da educação e dos(as) servidores(as) O Sindicato Nacional dos Servidores Federais da Educação Básica, Profissional e Tecnológica (SINASEFE) fundou sua seção sindical em Santa Maria no dia 6 de dezembro de 1990, após a promulgação da Constituição Federal de 1988, que permitiu a sindicalização</p>
